{"id":333,"date":"2025-10-14T09:01:27","date_gmt":"2025-10-14T09:01:27","guid":{"rendered":"http:\/\/185.119.89.171\/~metrolog\/?page_id=333"},"modified":"2026-02-19T14:04:43","modified_gmt":"2026-02-19T14:04:43","slug":"rucni-merni-instrumenti","status":"publish","type":"page","link":"https:\/\/metrologyexperts.eu\/~metrolog\/rucni-merni-instrumenti\/","title":{"rendered":"Ru\u010dni Merni Instrumenti"},"content":{"rendered":"<p><div class=\"fusion-fullwidth fullwidth-box fusion-builder-row-1 fusion-flex-container has-pattern-background has-mask-background nonhundred-percent-fullwidth non-hundred-percent-height-scrolling\" style=\"--awb-border-radius-top-left:0px;--awb-border-radius-top-right:0px;--awb-border-radius-bottom-right:0px;--awb-border-radius-bottom-left:0px;--awb-flex-wrap:wrap;\" ><div class=\"fusion-builder-row fusion-row fusion-flex-align-items-flex-start fusion-flex-content-wrap\" style=\"max-width:1497.6px;margin-left: calc(-4% \/ 2 );margin-right: calc(-4% \/ 2 );\"><div class=\"fusion-layout-column fusion_builder_column fusion-builder-column-0 fusion_builder_column_1_1 1_1 fusion-flex-column\" style=\"--awb-padding-top:20px;--awb-padding-right:20px;--awb-padding-bottom:20px;--awb-padding-left:20px;--awb-overflow:hidden;--awb-bg-color:#f9d730;--awb-bg-color-hover:#f9d730;--awb-bg-size:cover;--awb-border-radius:20px 20px 20px 20px;--awb-width-large:100%;--awb-margin-top-large:50px;--awb-spacing-right-large:1.92%;--awb-margin-bottom-large:20px;--awb-spacing-left-large:1.92%;--awb-width-medium:100%;--awb-order-medium:0;--awb-spacing-right-medium:1.92%;--awb-spacing-left-medium:1.92%;--awb-width-small:100%;--awb-order-small:0;--awb-spacing-right-small:1.92%;--awb-spacing-left-small:1.92%;\"><div class=\"fusion-column-wrapper fusion-column-has-shadow fusion-flex-justify-content-flex-start fusion-content-layout-column\"><div class=\"fusion-title title fusion-title-1 fusion-sep-none fusion-title-text fusion-title-size-two\" style=\"--awb-text-color:#000000;--awb-font-size:30px;\"><h2 class=\"fusion-title-heading title-heading-left\" style=\"font-family:&quot;Poppins&quot;;font-style:normal;font-weight:400;margin:0;font-size:1em;\"><strong>Ru\u010dni Merni Instrumenti<\/strong><\/h2><\/div><div class=\"fusion-text fusion-text-1\" style=\"--awb-content-alignment:justify;--awb-text-color:#000000;--awb-text-font-family:&quot;Poppins&quot;;--awb-text-font-style:normal;--awb-text-font-weight:400;\"><p>Ru\u010dni merni instrumenti su klju\u010dni alati za obezbe\u0111ivanje ta\u010dnosti i kvaliteta u razli\u010ditim industrijama. Od proizvodnje i kontrole kvaliteta do istra\u017eivanja i razvoja, ovi instrumenti su dizajnirani da pru\u017ee precizna merenja i pouzdane podatke. \u0160iroko se koriste u sektorima kao \u0161to su automobilska industrija, avioindustrija i ma\u0161instvo, gde je odr\u017eavanje strogih standarda kvaliteta od su\u0161tinskog zna\u010daja. Ru\u010dni merni ure\u0111aji, poput \u0161ublera, mikrometara i digitalnih pokaziva\u010da, poznati su po svojoj svestranosti, jednostavnosti upotrebe i izdr\u017eljivosti. Investiranje u visokokvalitetne ru\u010dne merni instrumente mo\u017ee zna\u010dajno pobolj\u0161ati produktivnost i smanjiti gre\u0161ke, \u010dine\u0107i ih dragocenim resursom za svaku kompaniju koja te\u017ei izvrsnosti u proizvodnji i osiguranju kvaliteta.<\/p>\n<\/div><\/div><\/div><\/div><\/div><div class=\"fusion-fullwidth fullwidth-box fusion-builder-row-2 fusion-flex-container nonhundred-percent-fullwidth non-hundred-percent-height-scrolling\" style=\"--awb-border-radius-top-left:0px;--awb-border-radius-top-right:0px;--awb-border-radius-bottom-right:0px;--awb-border-radius-bottom-left:0px;--awb-margin-top:50px;--awb-margin-bottom:80px;--awb-flex-wrap:wrap;\" ><div class=\"fusion-builder-row fusion-row fusion-flex-align-items-flex-start fusion-flex-justify-content-center fusion-flex-content-wrap\" style=\"max-width:1497.6px;margin-left: calc(-4% \/ 2 );margin-right: calc(-4% \/ 2 );\"><div class=\"fusion-layout-column fusion_builder_column fusion-builder-column-1 fusion_builder_column_1_4 1_4 fusion-flex-column fusion-flex-align-self-center body_sec5_mid\" style=\"--awb-bg-size:cover;--awb-width-large:25%;--awb-margin-top-large:0px;--awb-spacing-right-large:7.68%;--awb-margin-bottom-large:20px;--awb-spacing-left-large:7.68%;--awb-width-medium:25%;--awb-order-medium:0;--awb-spacing-right-medium:7.68%;--awb-spacing-left-medium:7.68%;--awb-width-small:100%;--awb-order-small:0;--awb-spacing-right-small:1.92%;--awb-spacing-left-small:1.92%;\"><div class=\"fusion-column-wrapper fusion-column-has-shadow fusion-flex-justify-content-center fusion-content-layout-column\"><div class=\"fusion-image-element \" style=\"--awb-caption-title-font-family:var(--h2_typography-font-family);--awb-caption-title-font-weight:var(--h2_typography-font-weight);--awb-caption-title-font-style:var(--h2_typography-font-style);--awb-caption-title-size:var(--h2_typography-font-size);--awb-caption-title-transform:var(--h2_typography-text-transform);--awb-caption-title-line-height:var(--h2_typography-line-height);--awb-caption-title-letter-spacing:var(--h2_typography-letter-spacing);\"><span class=\" fusion-imageframe imageframe-none imageframe-1 hover-type-none\"><img decoding=\"async\" width=\"300\" height=\"300\" title=\"rucni-merni-instrumenti\" src=\"https:\/\/metrologyexperts.eu\/~metrolog\/wp-content\/uploads\/2026\/02\/rucni-merni-instrumenti-1-300x300.png\" alt class=\"img-responsive wp-image-687\" srcset=\"https:\/\/metrologyexperts.eu\/~metrolog\/wp-content\/uploads\/2026\/02\/rucni-merni-instrumenti-1-200x200.png 200w, https:\/\/metrologyexperts.eu\/~metrolog\/wp-content\/uploads\/2026\/02\/rucni-merni-instrumenti-1-400x400.png 400w, https:\/\/metrologyexperts.eu\/~metrolog\/wp-content\/uploads\/2026\/02\/rucni-merni-instrumenti-1.png 500w\" sizes=\"(max-width: 640px) 100vw, 400px\" \/><\/span><\/div><div ><a class=\"fusion-button button-flat fusion-button-default-size button-custom fusion-button-default button-1 fusion-button-default-span fusion-button-default-type body_sec5_button\" style=\"--button_accent_color:#000000;--button_accent_hover_color:var(--awb-color1);--button_border_hover_color:#000000;--button-border-radius-top-left:20px;--button-border-radius-top-right:20px;--button-border-radius-bottom-right:20px;--button-border-radius-bottom-left:20px;--button_gradient_top_color:#f9d730;--button_gradient_bottom_color:#f9d730;--button_gradient_top_color_hover:hsla(var(--awb-color5-h),calc(var(--awb-color5-s) - 5%),calc(var(--awb-color5-l) - 10%),var(--awb-color5-a));--button_gradient_bottom_color_hover:hsla(var(--awb-color5-h),calc(var(--awb-color5-s) - 5%),calc(var(--awb-color5-l) - 10%),var(--awb-color5-a));--button_text_transform:uppercase;--button_font_size:12px;--button_line_height:100%;--button_typography-letter-spacing:0%;--button_typography-font-family:&quot;Poppins&quot;;--button_typography-font-style:normal;--button_typography-font-weight:600;\" target=\"_self\" href=\"https:\/\/metrologyexperts.eu\/~metrolog\/subleri\/\"><span class=\"fusion-button-text awb-button__text awb-button__text--default\">\u0160ubleri<\/span><i class=\"fa-caret-right fas awb-button__icon awb-button__icon--default button-icon-right\" aria-hidden=\"true\"><\/i><\/a><\/div><\/div><\/div><div class=\"fusion-layout-column fusion_builder_column fusion-builder-column-2 fusion_builder_column_1_4 1_4 fusion-flex-column fusion-flex-align-self-center body_sec5_mid\" style=\"--awb-bg-size:cover;--awb-width-large:25%;--awb-margin-top-large:0px;--awb-spacing-right-large:7.68%;--awb-margin-bottom-large:20px;--awb-spacing-left-large:7.68%;--awb-width-medium:25%;--awb-order-medium:0;--awb-spacing-right-medium:7.68%;--awb-spacing-left-medium:7.68%;--awb-width-small:100%;--awb-order-small:0;--awb-spacing-right-small:1.92%;--awb-spacing-left-small:1.92%;\"><div class=\"fusion-column-wrapper fusion-column-has-shadow fusion-flex-justify-content-center fusion-content-layout-column\"><div class=\"fusion-image-element \" style=\"--awb-caption-title-font-family:var(--h2_typography-font-family);--awb-caption-title-font-weight:var(--h2_typography-font-weight);--awb-caption-title-font-style:var(--h2_typography-font-style);--awb-caption-title-size:var(--h2_typography-font-size);--awb-caption-title-transform:var(--h2_typography-text-transform);--awb-caption-title-line-height:var(--h2_typography-line-height);--awb-caption-title-letter-spacing:var(--h2_typography-letter-spacing);\"><span class=\" fusion-imageframe imageframe-none imageframe-2 hover-type-none\"><img decoding=\"async\" width=\"300\" height=\"300\" title=\"rucni-merni-instrumenti\" src=\"https:\/\/metrologyexperts.eu\/~metrolog\/wp-content\/uploads\/2026\/02\/rucni-merni-instrumenti-1-300x300.png\" alt class=\"img-responsive wp-image-687\" srcset=\"https:\/\/metrologyexperts.eu\/~metrolog\/wp-content\/uploads\/2026\/02\/rucni-merni-instrumenti-1-200x200.png 200w, https:\/\/metrologyexperts.eu\/~metrolog\/wp-content\/uploads\/2026\/02\/rucni-merni-instrumenti-1-400x400.png 400w, https:\/\/metrologyexperts.eu\/~metrolog\/wp-content\/uploads\/2026\/02\/rucni-merni-instrumenti-1.png 500w\" sizes=\"(max-width: 640px) 100vw, 400px\" \/><\/span><\/div><div ><a class=\"fusion-button button-flat fusion-button-default-size button-custom fusion-button-default button-2 fusion-button-default-span fusion-button-default-type body_sec5_button\" style=\"--button_accent_color:#0b090a;--button_border_color:#0b090a;--button_accent_hover_color:var(--awb-color1);--button_border_hover_color:#000000;--button-border-radius-top-left:20px;--button-border-radius-top-right:20px;--button-border-radius-bottom-right:20px;--button-border-radius-bottom-left:20px;--button_gradient_top_color:#f9d730;--button_gradient_bottom_color:#f9d730;--button_gradient_top_color_hover:hsla(var(--awb-color5-h),calc(var(--awb-color5-s) - 5%),calc(var(--awb-color5-l) - 10%),var(--awb-color5-a));--button_gradient_bottom_color_hover:hsla(var(--awb-color5-h),calc(var(--awb-color5-s) - 5%),calc(var(--awb-color5-l) - 10%),var(--awb-color5-a));--button_text_transform:uppercase;--button_font_size:12px;--button_line_height:20px;--button_typography-letter-spacing:0%;--button_typography-font-family:&quot;Poppins&quot;;--button_typography-font-style:normal;--button_typography-font-weight:600;\" target=\"_self\" href=\"https:\/\/metrologyexperts.eu\/~metrolog\/mikrometri\/\"><span class=\"fusion-button-text awb-button__text awb-button__text--default\">Mikrometri<\/span><i class=\"fa-caret-right fas awb-button__icon awb-button__icon--default button-icon-right\" aria-hidden=\"true\"><\/i><\/a><\/div><\/div><\/div><div class=\"fusion-layout-column fusion_builder_column fusion-builder-column-3 fusion_builder_column_1_4 1_4 fusion-flex-column fusion-flex-align-self-center body_sec5_mid\" style=\"--awb-bg-size:cover;--awb-width-large:25%;--awb-margin-top-large:0px;--awb-spacing-right-large:7.68%;--awb-margin-bottom-large:20px;--awb-spacing-left-large:7.68%;--awb-width-medium:25%;--awb-order-medium:0;--awb-spacing-right-medium:7.68%;--awb-spacing-left-medium:7.68%;--awb-width-small:100%;--awb-order-small:0;--awb-spacing-right-small:1.92%;--awb-spacing-left-small:1.92%;\"><div class=\"fusion-column-wrapper fusion-column-has-shadow fusion-flex-justify-content-center fusion-content-layout-column\"><div class=\"fusion-image-element \" style=\"--awb-caption-title-font-family:var(--h2_typography-font-family);--awb-caption-title-font-weight:var(--h2_typography-font-weight);--awb-caption-title-font-style:var(--h2_typography-font-style);--awb-caption-title-size:var(--h2_typography-font-size);--awb-caption-title-transform:var(--h2_typography-text-transform);--awb-caption-title-line-height:var(--h2_typography-line-height);--awb-caption-title-letter-spacing:var(--h2_typography-letter-spacing);\"><span class=\" fusion-imageframe imageframe-none imageframe-3 hover-type-none\"><img decoding=\"async\" width=\"300\" height=\"300\" title=\"rucni-merni-instrumenti\" src=\"https:\/\/metrologyexperts.eu\/~metrolog\/wp-content\/uploads\/2026\/02\/rucni-merni-instrumenti-1-300x300.png\" alt class=\"img-responsive wp-image-687\" srcset=\"https:\/\/metrologyexperts.eu\/~metrolog\/wp-content\/uploads\/2026\/02\/rucni-merni-instrumenti-1-200x200.png 200w, https:\/\/metrologyexperts.eu\/~metrolog\/wp-content\/uploads\/2026\/02\/rucni-merni-instrumenti-1-400x400.png 400w, https:\/\/metrologyexperts.eu\/~metrolog\/wp-content\/uploads\/2026\/02\/rucni-merni-instrumenti-1.png 500w\" sizes=\"(max-width: 640px) 100vw, 400px\" \/><\/span><\/div><div style=\"text-align:left;\"><a class=\"fusion-button button-flat fusion-button-default-size button-custom fusion-button-default button-3 fusion-button-default-span fusion-button-default-type body_sec5_button\" style=\"--button_accent_color:#000000;--button_accent_hover_color:var(--awb-color1);--button_border_hover_color:#000000;--button-border-radius-top-left:20px;--button-border-radius-top-right:20px;--button-border-radius-bottom-right:20px;--button-border-radius-bottom-left:20px;--button_gradient_top_color:#f9d730;--button_gradient_bottom_color:#f9d730;--button_gradient_top_color_hover:hsla(var(--awb-color5-h),calc(var(--awb-color5-s) - 5%),calc(var(--awb-color5-l) - 10%),var(--awb-color5-a));--button_gradient_bottom_color_hover:hsla(var(--awb-color5-h),calc(var(--awb-color5-s) - 5%),calc(var(--awb-color5-l) - 10%),var(--awb-color5-a));--button_text_transform:uppercase;--button_font_size:12px;--button_line_height:100%;--button_typography-letter-spacing:0%;--button_typography-font-family:&quot;Poppins&quot;;--button_typography-font-style:normal;--button_typography-font-weight:600;\" target=\"_self\" href=\"https:\/\/metrologyexperts.eu\/~metrolog\/digitalni-pokazivaci\/\"><span class=\"fusion-button-text awb-button__text awb-button__text--default\">Digitalni Pokaziva\u010di<\/span><i class=\"fa-caret-right fas awb-button__icon awb-button__icon--default button-icon-right\" aria-hidden=\"true\"><\/i><\/a><\/div><\/div><\/div><\/div><\/div><\/p>\n","protected":false},"excerpt":{"rendered":"","protected":false},"author":1,"featured_media":0,"parent":0,"menu_order":0,"comment_status":"closed","ping_status":"closed","template":"100-width.php","meta":{"footnotes":""},"class_list":["post-333","page","type-page","status-publish","hentry"],"_links":{"self":[{"href":"https:\/\/metrologyexperts.eu\/~metrolog\/wp-json\/wp\/v2\/pages\/333","targetHints":{"allow":["GET"]}}],"collection":[{"href":"https:\/\/metrologyexperts.eu\/~metrolog\/wp-json\/wp\/v2\/pages"}],"about":[{"href":"https:\/\/metrologyexperts.eu\/~metrolog\/wp-json\/wp\/v2\/types\/page"}],"author":[{"embeddable":true,"href":"https:\/\/metrologyexperts.eu\/~metrolog\/wp-json\/wp\/v2\/users\/1"}],"replies":[{"embeddable":true,"href":"https:\/\/metrologyexperts.eu\/~metrolog\/wp-json\/wp\/v2\/comments?post=333"}],"version-history":[{"count":22,"href":"https:\/\/metrologyexperts.eu\/~metrolog\/wp-json\/wp\/v2\/pages\/333\/revisions"}],"predecessor-version":[{"id":919,"href":"https:\/\/metrologyexperts.eu\/~metrolog\/wp-json\/wp\/v2\/pages\/333\/revisions\/919"}],"wp:attachment":[{"href":"https:\/\/metrologyexperts.eu\/~metrolog\/wp-json\/wp\/v2\/media?parent=333"}],"curies":[{"name":"wp","href":"https:\/\/api.w.org\/{rel}","templated":true}]}}